-14885
In base 9, what is -21 - 11881?
-12012
In base 8, what is 5 + -23472?
-23465
In base 14, what is a + 12344d?
123459
In base 10, what is 2 + -113881?
-113879
In base 4, what is 211003121201 + 0?
211003121201
In base 14, what is -185 + -803?
-988
In base 10, what is -85070 + 1?
-85069
In base 16, what is 64454 + 4?
64458
In base 7, what is 1 + 6123?
6124
In base 7, what is -6 - -523145?
523136
In base 7, what is 6 + 204536?
204545
In base 6, what is -5500 + -1334?
-11234
In base 10, what is 26 - -1404?
1430
In base 13, what is 3 - -3abbb?
3abc1
In base 11, what is -31 - 8577?
-85a8
In base 6, what is -1442 - -40553?
35111
In base 12, what is 29b - -20?
2bb
In base 4, what is -2121100 + 33?
-2121001
In base 4, what is -2231013 + 0?
-2231013
In base 15, what is e1 - -205?
2e6
In base 13, what is 2 - -a2aa4?
a2aa6
In base 3, what is -10210 - -1010220?
1000010
In base 10, what is 0 + -8628?
-8628
In base 10, what is 1 - -56791?
56792
In base 2, what is -1100111 + -11010110111?
-11100011110
In base 2, what is -11110011111101111010 - 110?
-11110011111110000000
In base 3, what is -1001 + -2100?
-10101
In base 2, what is 101011011010001 + 11001?
101011011101010
In base 4, what is 13000 - -102302?
121302
In base 16, what is -23db + -7?
-23e2
In base 6, what is -2114513 - -2?
-2114511
In base 7, what is 20 + -6456?
-6436
In base 5, what is 14422 + -24?
14343
In base 12, what is -18b51 - 78?
-19009
In base 3, what is 1 + -110220112012?
-110220112011
In base 15, what is 249b95 + 2?
249b97
In base 16, what is 5 - -57be?
57c3
In base 16, what is 2 + -34899?
-34897
In base 8, what is 5212 - -162?
5374
In base 15, what is -2 - -6b65?
6b63
In base 11, what is -5435 + 1?
-5434
In base 7, what is 11 + -2220143?
-2220132
In base 8, what is 15240 - -31?
15271
In base 4, what is 1312 - 10220?
-2302
In base 13, what is 31 + -101?
-a0
In base 14, what is -146a - 101?
-156b
In base 6, what is -3043432 + -13?
-3043445
In base 12, what is -2 - 189406?
-189408
In base 7, what is -10 - -311505?
311465
In base 2, what is 1000110010000000 + 111101?
1000110010111101
In base 8, what is 325430 - -1?
325431
In base 7, what is -154 + -2116?
-2303
In base 6, what is 4555304 - 2?
4555302
In base 13, what is -2b1 - -105?
-1a9
In base 2, what is 0 - 1100000010101?
-1100000010101
In base 3, what is 12 - 1211200?
-1211111
In base 3, what is 21000201212110 - 2?
21000201212101
In base 13, what is -37 + 18045?
1800b
In base 7, what is -211231 - 1?
-211232
In base 13, what is 1107 - 19?
10bb
In base 13, what is 1 + -35a4a6?
-35a4a5
In base 7, what is 42 - 122422?
-122350
In base 6, what is -4 + -3143250?
-3143254
In base 9, what is -364681 + -2?
-364683
In base 5, what is -11 - -3432432?
3432421
In base 14, what is 13603 - -7?
1360a
In base 11, what is -19a7 - 60a?
-2506
In base 8, what is 3 - -771?
774
In base 12, what is 2 + 474717?
474719
In base 10, what is -4000 - 20?
-4020
In base 5, what is -2 + 22012?
22010
In base 15, what is 2c0 - 70?
250
In base 5, what is 3 + 410312?
410320
In base 6, what is 2142 - 15?
2123
In base 7, what is 44 + -253520?
-253443
In base 9, what is 360868 - 1?
360867
In base 4, what is -21 - 113110?
-113131
In base 3, what is 110 - 1210202100?
-1210201220
In base 15, what is -296 - -701?
45a
In base 12, what is 5 + 215771?
215776
In base 3, what is -2 - -121110112?
121110110
In base 4, what is -1023 - 3102?
-10131
In base 8, what is -5 + -2033305?
-2033312
In base 6, what is 1234 - -32121?
33355
In base 2, what is -11110 + -10011110101?
-10100010011
In base 9, what is -67 + 105315?
105237
In base 15, what is 18d + 458?
5e6
In base 11, what is 465a6 - 4?
465a2
In base 9, what is -1381 + 1418?
27
In base 5, what is 243 - -3144?
3442
In base 2, what is -1100101 - -1010111001?
1001010100
In base 13, what is 5 - -bb8?
bc0
In base 6, what is -5232 + 2032?
-3200
In base 2, what is 100000 + 1101111000001?
1101111100001
In base 15, what is -733 - 91?
-7c4
In base 15, what is -c41 + 198?
-a98
In base 6, what is -1 - 13121254?
-13121255
In base 5, what is -1 - 3314120?
-3314121
In base 8, what is 15750 - 35?
15713
In base 9, what is 4 + -27144?
-27140
In base 14, what is 14b + 58b7?
5a24
In base 10, what is -39197 + 6?
-39191
In base 8, what is 2624001 + -3?
2623776
In base 12, what is -1 + -23a25?
-23a26
In base 16, what is -11b - 1c9?
-2e4
In base 11, what is -5 + -262215?
-26221a
In base 4, what is 10201 + -113?
10022
In base 10, what is 4 - -5546?
5550
In base 4, what is -21 + 33033?
33012
In base 13, what is -14444 + -1?
-14445
In base 12, what is -3 + 55120?
55119
In base 14, what is -3c + -a16?
-a54
In base 8, what is 0 - -52775?
52775
In base 10, what is 4201 + 482?
4683
In base 14, what is 4 + -177810?
-17780a
In base 7, what is 55 - -12005?
12063
In base 2, what is 101011000110101 + 1011001?
101011010001110
In base 16, what is 0 + 43eaa?
43eaa
In base 4, what is 23 - -1102302?
1102331
In base 16, what is -1017a - 52?
-101cc
In base 2, what is -1010101 - 111111?
-10010100
In base 4, what is 11223 + -3133?
2030
In base 7, what is -114060 + 6?
-114051
In base 10, what is -5070 - -22?
-5048
In base 7, what is -120106 + -1?
-120110
In base 5, what is 1002013303 + 1?
1002013304
In base 13, what is -53 + 1887a?
18827
In base 9, what is -17886 - 24?
-18021
In base 12, what is -2 - -4a3ba?
4a3b8
In base 6, what is -2 + 214?
212
In base 16, what is -7e - 1?
-7f
In base 12, what is -7a349 + -11?
-7a35a
In base 2, what is -10 - -1001100?
1001010
In base 11, what is 12a922 - -1?
12a923
In base 11, what is -39103 - 0?
-39103
In base 2, what is 110101110010001111 - 11?
110101110010001100
In base 12, what is 5 + -11a8b?
-11a86
In base 12, what is -154a + 6b9?
-a51
In base 7, what is 40034 - -4?
40041
In base 15, what is 4 - -659?
65d
In base 12, what is 6b - 21495?
-21426
In base 3, what is -10110 + -2202?
-20012
In base 3, what is -100 - -121112220?
121112120
In base 15, what is 18586 + -5?
18581
In base 12, what is 9b + -4131?
-4052
In base 8, what is 126 - 64253?
-64125
In base 15, what is 1 + 5c8c?
5c8d
In base 6, what is -1130 - 1053?
-2223
In base 3, what is 121 - -2002102?
2010000
In base 11, what is -1a136 - -4?
-1a132
In base 4, what is -3 - -12223210?
12223201
In base 5, what is 21304003 - 13?
21303440
In base 10, what is -3 - 198525?
-198528
In base 5, what is -103 + 40202?
40044
In base 7, what is -13 + 510541?
510525
In base 5, what is -3 + -14300303?
-14300311
In base 6, what is -3 + 540013?
540010
In base 2, what is 1101010100 + 1101100?
1111000000
In base 10, what is -2 + 48622?
48620
In base 2, what is -11 + 100011110011101?
100011110011010
In base 8, what is -13141530 + -2?
-13141532
In base 2, what is 110110100101000011 - 100?
110110100100111111
In base 7, what is -36330232 + 2?
-36330230
In base 12, what is 53 + 2181?
2214
In base 12, what is 7011 + -15?
6bb8
In base 4, what is 11 - 223012131?
-223012120
In base 11, what is 276765 + 2?
276767
In base 3, what is -12 + -21011001211?
-21011002000
In base 6, what is 1413 - 415?
554
In base 4, what is 310 + 120212?
121122
In base 16, what is 5 - 73de?
-73d9
In base 13, what is 4 + -57603?
-575cc
In base 4, what is -10 - -1131123230?
1131123220
In base 10, what is 45479 + 1?
45480
In base 11, what is 887 + 9?
895
In base 6, what is 1312234 - 52?
1312142
In base 6, what is -14 + -2135410?
-2135424
In base 12, what is 2 - 27b67?
-27b65
In base 12, what is 1 - 2b82?
-2b81
In base 13, what is -14 - -2046?
2032
In base 3, what is 10111 + 2000?
12111
In base 3, what is 11211202120 - 0?
11211202120
In base 11, what is a629 - 6?
a623
In base 10, what is -25 + -10586?
-10611
In base 9, what is -1 - -2332480?
2332478
In base 3, what is 101101001121111 + 1?
101101001121112
In base 2, what is -11000010111 - 10?
-11000011001
In base 13, what is 7 + -a04?
-9ca
In base 6, what is 33 - -12351?
12424
In base 13, what is c + -61c63?
-61c54
In base 15, what is -7de5c + -1?
-7de5d
In base 8, what is -137 + -513?
-652
In base 11, what is -11 + -9696?
-96a7
In base 4, what is -1021 - -311223?
310202
In base 4, what is 102023 + -2311?
33112
In base 8, what is 413 + -1570?
-1155
In base 16, what is -8d + -4fe?
-58b
In base 5, what is -41441 + 102?
-41334
In base 3, what is 20 + 201212021?
201212111
In base 14, what is -4 - 4